se -7*t = -m*t + 711. What are the prime factors of t?
3, 79
Let x(l) = -l**2 + 15*l + 36. Let b(j) = j - 1. Let p(k) = 2*b(k) - x(k). List the prime factors of p(19).
2, 19
Let l = 37 - 25. List the prime factors of 175/6 - 2/l.
29
Let y(u) = -u**3 - 5*u**2 + 10*u + 13. Let w(n) = -n**2 - 4*n - 10. Let z be w(-3). List the prime factors of y(z).
41
Suppose 5*l - 3*g = 389, l + 3*g = -0*l + 67. List the prime factors of l.
2, 19
Suppose 692 - 1880 = -4*z. Let c(l) = -l**3 + 2*l**2 + l + 16. Let q be c(4). List the prime factors of ((-4)/q)/(3/z).
3, 11
Suppose 3*u - 945 = 4*r, -u - 5*r + 196 = -119. List the prime factors of u.
3, 5, 7
Let i = 58 + 872. List the prime factors of i.
2, 3, 5, 31
Let v be (-2 - 6/2)*-3. Let q = v - 12. List the prime factors of q/4*1*24.
2, 3
Let i(f) = -3*f**3 + 9*f**2 + 15*f + 40. List the prime factors of i(-6).
2, 461
Suppose -5*y + 18 = 38. Let b(p) = 3*p**3 - p**2 - 5*p + 1. Let m(k) = -4*k**3 + 2*k**2 + 6*k - 1. Let v(i) = y*m(i) - 5*b(i). List the prime factors of v(4).
19
Let g(j) = -156*j + 178. List the prime factors of g(-3).
2, 17, 19
Suppose 5*n - 2 = 18. Suppose 2*x = 3*r + 2*r + 5, 2*x - 2*r = -n. Let v = x - -14. List the prime factors of v.
3
Let a be (10/4)/(7/(-14)). Let u = a - -24. Suppose u = m + 1. List the prime factors of m.
2, 3
Suppose -4*w + 2023 + 1458 = -d, -5*d + 3475 = 4*w. What are the prime factors of w?
2, 3, 5, 29
Let j = 69 - 138. Let w = j - -89. What are the prime factors of w?
2, 5
Suppose 0 = -4*r - 0*r + 5*q - 3, -2*r = -q - 3. Suppose 3*s - 5*m = 155, -4*s - r*m + 118 = -50. List the prime factors of s.
3, 5
Suppose -5 = -2*l - l - 5*w, 0 = -2*l - 4*w + 4. Let t be l/((-16)/(-4)) - 7. List the prime factors of (t - 1)/(2/(-3)).
2, 3
Suppose -3 = 4*j - 2*t - 1, 0 = 5*j + 2*t + 7. Let y be (-4)/(4/j)*0. Suppose -240 = -5*b + 5*m, y = 2*b - 3*b + 5*m + 44. What are the prime factors of b?
7
Let m be (-64)/(-28) - (2 - 12/7). List the prime factors of (0 + 5 + m)*96/7.
2, 3
Suppose -40384 = -16*h - 16*h. List the prime factors of h.
2, 631
Let h = -216 - -1371. List the prime factors of h.
3, 5, 7, 11
Suppose 108 + 260 = -4*h. Let r = 72 - h. List the prime factors of r.
2, 41
Let y = 172 + -29. Suppose -6*r = -181 - y. What are the prime factors of r?
2, 3
Suppose 3*f - 10 = -2*f. Suppose 0 = -0*k - f*k + 136. What are the prime factors of k?
2, 17
Let y(j) = 80*j**3 + 4*j**2 - 2*j - 15. List the prime factors of y(3).
3, 5, 29
Let u(f) = 44*f - 140. What are the prime factors of u(7)?
2, 3, 7
Let d = -49 - -101. Suppose 4*c = 3*j - 146, -3*j + 101 + d = 3*c. What are the prime factors of j?
2, 5
Let n(k) = k**3 + 7*k**2 + 3*k. Let p be n(-5). Suppose p = -i - 4*i. Let m(a) = -a**3 - 7*a**2 - 3*a + 8. List the prime factors of m(i).
29
What are the prime factors of 633184/(-1128)*(1*-2 - 1)?
2, 421
Let q = 13 + -9. List the prime factors of (-4836)/(-48) - (-1)/q.
101
Let v be 6 + (30/(-5) - -3). Suppose 4*x - o = 171, x + 5*o - 201 = -v*x. List the prime factors of x.
2, 11
Suppose -5*f = -3*a - 9, -2*f + 4 = -a - 0*f. Suppose 4*k + a*p = 154, 0*p + 2*p = -k + 40. What are the prime factors of k?
2, 19
Suppose 4*b + 4*b - 4*b = 0. Suppose 0*l + 3*j - 439 = -2*l, b = l + 3*j - 224. List the prime factors of l.
5, 43
Let d = -575 + 595. List the prime factors of d.
2, 5
Suppose -4*d = 4*c - 40, 4*d = -4*c + 9*c - 41. List the prime factors of (c + 2 - 0) + -3.
2
Suppose 4*q - q = 57. Suppose -3*b - 7 = -q. Suppose -b*d + 5*a = -77, 4 = -2*a - 6. What are the prime factors of d?
13
Suppose 3*v - 1199 = -4*p, 2003 = -7*v + 12*v + 2*p. What are the prime factors of v?
401
Let s be 1/(4 + (-15)/4). Suppose s*z = -z + 250. What are the prime factors of z?
2, 5
Suppose 2841 + 2429 = 10*m. List the prime factors of m.
17, 31
Let b = 16 + 48. Suppose b = -2*o + 3*o. Let d = o + -39. What are the prime factors of d?
5
Let h = 34 - 45. Let g(x) = x**3 + 12*x**2 + 11*x + 16. List the prime factors of g(h).
2
Let t = 48 + -17. Let u(w) = -11*w - 171. Let h be u(-16). Let c = h + t. List the prime factors of c.
2, 3
Suppose 5*p - 4*i = 23425, 5*p - 13989 = 5*i + 9441. List the prime factors of p.
31, 151
Suppose -17056 = 55*r - 71*r. List the prime factors of r.
2, 13, 41
Let v(a) = 3*a**3 + 9*a**2 - 22*a - 15. List the prime factors of v(10).
5, 733
Suppose 0 = -4*i + 5*a - 10 + 1, 11 = 4*i - a. Let y(p) = 5*p**2 + 2*p - 7. List the prime factors of y(i).
3
Let r be 4/(-18) + 141/27. Suppose -r*m - 3*o + 431 = 0, -90 - 157 = -3*m + 4*o. What are the prime factors of m?
5, 17
Suppose -3*w = 2 - 8. Suppose -4*p - 4*z + 57 = -9*z, -p + 18 = -w*z. List the prime factors of p.
2
Let s(w) = 7*w**2 + 2*w - 2. Suppose 2 = -o + 4*r, o + 3*r + 2*r + 2 = 0. List the prime factors of s(o).
2, 11
Suppose j - 82 = 143. Suppose -6*o = -j - 231. List the prime factors of o.
2, 19
What are the prime factors of ((-5)/(175/30))/(1/(-2324))?
2, 3, 83
Let o(w) = 2*w + w**3 - 2 + 2 + 30 + 36 + w**2. What are the prime factors of o(0)?
2, 3, 11
Let b(p) = p**2 - 34*p + 476. List the prime factors of b(20).
2, 7
List the prime factors of 2*(-1)/(-11) + 352889/737.
479
Let o(j) = -j**3 + j**2 + 2*j + 283. Suppose 3*x + 0*x - 2*x = 0. List the prime factors of o(x).
283
Suppose -1425 = 9*b - 14*b. List the prime factors of b.
3, 5, 19
Let q(a) = a**3 - 2*a**2 - 2. Let v be q(2). Let z(b) = b - 1. Let c be z(v). What are the prime factors of c - -2 - 1 - -14?
2, 3
Suppose -11*t - 40 = -7*t. Let u = t - -13. Suppose 3*k - 30 = -l + 161, 0 = -u*k - 4*l + 179. List the prime factors of k.
5, 13
Let b(s) = 4*s - 12. Let w be b(5). Let f = 15 - w. Suppose 6*d + 55 = f*d. What are the prime factors of d?
5, 11
Let h(x) = -x**3 - 2*x**2 - 2*x - 1. Let v be h(-2). Suppose -5*q = -v*t + 18, -t = -5*q + t - 22. Let f(p) = -10*p - 6. List the prime factors of f(q).
2, 3
List the prime factors of 7/(364/86312) + (-26)/(-169).
2, 5, 83
Let t(o) = o. Let k(x) = 5*x + 3. Let u(i) = -2*k(i) + 14*t(i). Let z be u(3). What are the prime factors of z + -3 + (1 - -48)?
2, 13
Let g(c) be the third derivative of c**4/12 - 11*c**3/6 + 6*c**2. What are the prime factors of g(8)?
5
List the prime factors of (487/(-2))/((-155)/(-20) - 8).
2, 487
Suppose 4*a - 946 = 2*v, a + 2*v - 219 = -v. List the prime factors of a.
2, 3, 13
Let h = 81 + -38. Let z = 3 + h. List the prime factors of z.
2, 23
Let h = 256 + 951. List the prime factors of h.
17, 71
Let s = -13 - -16. Let b = s - 7. What are the prime factors of (-2 + 6)*(-17)/b?
17
Let l = 6957 - 2381. What are the prime factors of l?
2, 11, 13
Suppose 2*y + 3*i = -2*y + 2327, -3*y + 1737 = 5*i. List the prime factors of y.
2, 73
Let u(c) = c**2 + 18*c + 18. Let a be u(-13). Let z = 249 + a. List the prime factors of z.
2, 101
List the prime factors of ((-6)/(-7))/((-26)/(-28210)).
2, 3, 5, 31
Let v(m) = -m**2 - 9*m - 10. Let g be v(-5). What are the prime factors of 149/2 - ((-45)/g + 4)?
3, 5
Suppose 3715 = -22*z + 18345. List the prime factors of z.
5, 7, 19
Let z be (-476)/(-4) + -2 + 2. Suppose -3*l - 3*o = -151 - z, -4*o - 392 = -4*l. Suppose 4*h - 5 = -h, h + l = 5*k. What are the prime factors of k?
19
Suppose -13104 - 8874 = -18*q. What are the prime factors of q?
3, 11, 37
Let r(c) = -17*c + 26. Let q be r(4). Let p = 126 + q. What are the prime factors of p?
2, 3, 7
Let o = 1349 + -755. List the prime factors of o.
2, 3, 11
Suppose 33*s - 19043 = -2378. List the prime factors of s.
5, 101
Let a(h) = -h**3 - 11*h**2 + 24*h + 10. Let z(m) = 2*m**3 + 23*m**2 - 48*m - 19. Let p(o) = -7*a(o) - 3*z(o). What are the prime factors of p(-9)?
2, 61
Let n be (4/3)/(4/6). Let t(v) = v**3 - 17*v**2 + 16*v + 12. Let b be t(16). Suppose -2*w - 5*i = -b, 0*w + i - 20 = -n*w. What are the prime factors of w?
11
Let j be -2 - -8 - (-6)/(-2). Let s be -1*2 + j + 0. What are the prime factors of (-1 - -2) + s - -22?
2, 3
Let h(o) = -o**3 - 32*o**2 - 20*o + 12. List the prime factors of h(-32).
2, 163
Let d(v) = 12*v - 3. Let q = 25 + -23. Let k be d(q). Suppose a = -4*j + 117, -4*a - k - 81 = -3*j. List the prime factors of j.
2, 3, 5
Suppose -9561 = 24*k - 30609. What are the prime factors of k?
877
Let b(z) = -8*z + 53. Let m be b(-8). Suppose 2*x = m + 177. What are the prime factors of x?